e the third derivative of -y**6/120 + y**4/6 + y**3/6 + 3*y**2. Let g be x(3). List the prime factors of 135/7 + g/49.
19
Suppose -2*j = 4*r - r + 37, -5*j = 10. Let o = 43 - r. What are the prime factors of o?
2, 3
Let s be 2/13 - (-492)/13. Suppose o - s = -2*v, -3*o + 110 + 2 = 4*v. List the prime factors of o.
2, 3
Suppose 4*m + 184 = -3*t, -119 = 4*m - 5*t + 33. Let d = 52 + m. What are the prime factors of d?
3
Suppose 8*w = 3*w. Suppose c + 12 - 33 = w. List the prime factors of c.
3, 7
Suppose 0 = 9*o - 10486 + 1054. What are the prime factors of o?
2, 131
Let f(q) = -q**2 - 26*q + 28. What are the prime factors of f(-15)?
193
Let x = 2198 - 1565. What are the prime factors of x?
3, 211
Suppose -61 = -5*y + 44. Let w = y - 14. Suppose w*o - 5*o - 22 = 0. What are the prime factors of o?
11
Let y be 18/2 + (-13 - -9). Let d = -14 - y. Let t = d + 48. List the prime factors of t.
29
Let v(x) = 10*x**2 + 1. Let f be v(1). Suppose 0 = -4*c - f - 1. List the prime factors of (26 - 1) + (-2 - c).
2, 13
Suppose r - 3*m - 9 = 0, -8 = -4*r - 3*m + m. Suppose -4*z = -r*z + 4, -2*z = 5*s + 8. Suppose 19 = 2*d + 5*a, 6 = -s*a - 2*a. List the prime factors of d.
17
Suppose -706 - 30 = -2*d. Suppose 4*a - d = -5*y, -3*y - 4*a + 152 = -y. What are the prime factors of y?
2, 3
Let r(k) = k**2 - 26*k - 148. What are the prime factors of r(-36)?
2, 521
Let z(j) = -83*j + 38. List the prime factors of z(-29).
3, 5, 163
Let p = -11 + 21. Let r = -49 + 54. Suppose -r*t = -0*t + 3*i - 41, 5*i = p. List the prime factors of t.
7
Let c(q) = 29*q + 17*q**2 - 2*q**2 - 30*q + 2. Let g be c(3). Suppose 0 = 5*v - g - 126. What are the prime factors of v?
2, 13
Let h be 2 + 122 - -2*1. Let a(q) = q**2 + 7*q - 10. Let b be a(-8). What are the prime factors of h/(-4)*(b + 0)?
3, 7
Let q = 112 - 39. List the prime factors of q.
73
Let p(z) = 2*z**2 + 5*z + 4. Let f be p(-3). Suppose 2*g - f*g = -190. Let s = g - 1. What are the prime factors of s?
37
Let p(r) = 33*r**3 + r - 1. Let n be p(1). Suppose -273 = -5*g - n. What are the prime factors of g?
2, 3
Suppose -21795 = 26*p - 41*p. What are the prime factors of p?
1453
Suppose 3*u = w + 6253, 0 = 4*u + 3*w + 5130 - 13450. List the prime factors of u.
2083
Let z(q) = q + 1. Let t(u) = 4*u + 4. Let w(d) = -t(d) + 5*z(d). Let p be w(-5). List the prime factors of (-1)/2*(-60 - p).
2, 7
Suppose 4*m + 35 = 5*r, 0*m + 2*m + 1 = -3*r. Let a(b) = 2*b**2 + b + 5. What are the prime factors of a(m)?
2, 5
Suppose 2 = 4*i - 6. What are the prime factors of 0/(i + 3) - -87?
3, 29
Suppose -5*m = -5*b - 232 - 568, -661 = 4*b + 3*m. Let s = b - -271. What are the prime factors of s?
2, 3
Suppose 4*k + k - 335 = -5*a, -2*k + 5*a + 106 = 0. Suppose -k = 3*u - 6*u. List the prime factors of u.
3, 7
Suppose -4*m = 5*m - 486. What are the prime factors of m?
2, 3
Suppose -2*y = 11 + 3. What are the prime factors of ((-130)/y)/(4*2/56)?
2, 5, 13
What are the prime factors of 5 - 1538/(-4) - 2/(-4)?
2, 3, 5, 13
Suppose -129 = 2*i - 881. What are the prime factors of i?
2, 47
Suppose -123*n + 18460 = 748. What are the prime factors of n?
2, 3
Let o(x) = -x**2 - 17*x - 28. Suppose 70 = -5*c + 2*h, -5*c = -h + 3*h + 70. List the prime factors of o(c).
2, 7
What are the prime factors of 72964/51 + 6/(-9)?
2, 5, 11, 13
Suppose 0 = -8*a + 24*a + 173216. What are the prime factors of a/(-38) - (-8)/76?
3, 5, 19
Suppose -1415 - 15249 = -4*y. List the prime factors of y.
2, 2083
List the prime factors of 3920/6*(-1)/((-50)/60).
2, 7
Suppose 0 = 3*j - 6, 2 = 2*a - 3*j + 6. What are the prime factors of -1 - ((-138)/12)/(a/22)?
2, 3, 7
Let r(x) = 34*x - 233. What are the prime factors of r(26)?
3, 7, 31
Suppose 0 = 8*i - 5*i - 69. Let v = -20 + i. Let n(b) = 2*b**3 - 3*b**2 + b + 6. What are the prime factors of n(v)?
2, 3
Let s = 11 - 6. Suppose o + 28 = s*o. Let k = 22 - o. List the prime factors of k.
3, 5
List the prime factors of (5093/(-66))/((-2)/12).
463
Suppose 0 = 2*i - i + 3. Let v be (-12)/i + (-3)/3. Suppose v*t - t - r = 19, -4*t + 4*r = -32. What are the prime factors of t?
11
Let y = -2 + -2. Let g = y + 6. Suppose 4*p + u - 36 = 0, -g*p = -5*p - 5*u + 44. List the prime factors of p.
2
Suppose 4*v + 2*d = 6, -3*d + 9 = -0*v + 4*v. Let c be -1 + 7 - (v + -2). Suppose q - c = 3. What are the prime factors of q?
11
Let g(y) = y**2 - y - 4. Let o(m) = m + 10. Let a be o(-5). Let c be g(a). List the prime factors of c + 3 + (-4)/1.
3, 5
What are the prime factors of (-327)/((((-40)/(-5))/4)/(-20))?
2, 3, 5, 109
Suppose -5*v = -4*p - 7338 - 169, -2*p = v - 1507. List the prime factors of v.
3, 167
Suppose 2*q = 8 - 0, 2470 = 5*u + 5*q. List the prime factors of u.
2, 5, 7
Suppose 5*u + 3*t = 2*u + 1557, 0 = -u - 5*t + 535. List the prime factors of u.
5, 103
Suppose 3*i - q = 1721, 2*q - 528 = 4*i - 2824. Suppose 3*z + d - 226 = 0, 5*z + 199 = d + i. Let m = z + -35. List the prime factors of m.
2, 5
Suppose -2*q - 3*z + 15 = q, 9 = -3*z. Let s be (-2)/4 - 42*(-3)/12. Suppose -s = -p + q. What are the prime factors of p?
2, 3
Suppose 0 = 5*o - u - 136 + 9, -5*o = 5*u - 115. Suppose -2*k = -7*k + o. Suppose -y + w + 19 = 4*w, -55 = -5*y + k*w. What are the prime factors of y?
13
Let u(j) be the second derivative of 0 + 6*j + 1/12*j**4 - 5/2*j**2 + 1/2*j**3. List the prime factors of u(4).
23
What are the prime factors of (-4176)/(-63) + 7 + (-4)/14?
73
Suppose 701 = 14*x - 55. Suppose 6*p + x = 312. List the prime factors of p.
43
Let d(x) = -x**3 - 3*x**2 - 7*x - 6. What are the prime factors of d(-2)?
2
Let t(z) = z**2 + 11*z + 13. Let g be t(-10). Let a be (-121)/g + (-12)/18. Let b = -23 - a. What are the prime factors of b?
2, 3
Let z = -60 - -18. Let c = z - -65. List the prime factors of c.
23
Let k be 1*(2 - -1) + 4. Suppose 5*h + 55 = 4*b + 7, 0 = 2*b - 2*h - 26. Let u = k + b. List the prime factors of u.
2, 3
Suppose -2*n + 1618 = -2*j, -49 = 2*j - 51. List the prime factors of n.
2, 3, 5
Let b = 195 - -23. Suppose 0 = 2*j + 4*k - b, 3*j + 469 = 7*j - 3*k. What are the prime factors of j?
5, 23
Suppose 480 - 178 = 2*q + 2*o, 3*q - 3*o = 477. Let a = q + -240. List the prime factors of (-6)/(-8) - a/4.
2, 11
Suppose 14 = 2*k - 2*d, 10 = 2*k + 2*d + 4. Suppose -53 = -2*x - 2*x + k*v, 0 = 4*x + v - 47. List the prime factors of x.
2, 3
Suppose -3*a + 3*g + 201 = g, 0 = -a + 3*g + 74. Suppose b = 5, -5*j + a = -2*b + b. List the prime factors of j.
2, 7
Suppose -8 = -2*a + 4*a. List the prime factors of 3/a - (-2101)/44.
47
Let c(k) = 7*k + 1. Let r be c(-2). Let s(p) = p**3 + 12*p**2 - 16*p - 11. Let u be s(r). Suppose 6 = 2*y - u. What are the prime factors of y?
17
Suppose 0 = -4*y + s + 20923, 5*y + 7*s - 8*s - 26154 = 0. What are the prime factors of y?
5231
Suppose l + 9 = -2*p - p, 2*l = 3*p + 9. Let w be 0 - (-117)/(p/1). What are the prime factors of (-618)/w + (-10)/(-65)?
2
Suppose 5*y = -4*x + 3*x + 174, -2*x = 3*y - 362. What are the prime factors of x?
2, 23
Let c = -1 + 18. Suppose w - 3*w = -3*h + 24, w - 4*h = -c. Let x(k) = k**2 + 4*k - 13. What are the prime factors of x(w)?
2
Let i = -9 + 28. Let c = 19 - i. What are the prime factors of 2 - (-3 + (c - -1))?
2
Let m(v) = 23*v + 19. Let o be m(10). Let s = -78 + o. List the prime factors of s.
3, 19
Suppose w + 23*m - 952 = 19*m, 4730 = 5*w + 5*m. What are the prime factors of w?
2, 59
Let u(w) = w**2 - 24*w + 107. What are the prime factors of u(33)?
2, 101
Let x = -2 + 0. Let w = -1 - x. Suppose 3*h + 6 = 0, 5*s - 2*h - 135 + w = 0. List the prime factors of s.
2, 13
Suppose -3*v + 2*v - 3 = -5*d, 0 = -2*d + 2. Suppose 2*g + 98 = a - 3*g, v*a - 2*g = 188. What are the prime factors of a?
3, 31
Let i(s) = s**2 - 5*s - 24. Let r be i(8). Suppose r*y - 3*y = -204. List the prime factors of y.
2, 17
Let h(d) = -6*d - 6. Suppose 2*j = j. Suppose 2*c - c + 4 = j. List the prime factors of h(c).
2, 3
Let t(b) = -2*b**3 + 12*b**2 + 11*b. List the prime factors of t(-5).
3, 5, 11
Let c(x) = 21*x**3 - 14*x**2 + 8*x + 1. List the prime factors of c(4).
1153
Let q be (-2)/(-3 + 13/5). Let c(d) = -3*d + 7*d - 10 - q*d**2 - d**3 - 5*d + 5*d. What are the prime factors of c(-6)?
2
Let v = 141 + 1717. List the prime factors of v.
2, 929
Let x = 6 + -2. Suppose -3*n + 15 = 